at is 208 + -157?
41
In base 16, what is 2 - -149f?
14a1
In base 5, what is 133 - 1133?
-1000
In base 13, what is 3 + 85?
88
In base 4, what is 323 + -13?
310
In base 7, what is -2 - -62?
60
In base 6, what is -2 - -124?
122
In base 8, what is 4 + 304?
310
In base 6, what is -5424 - -1?
-5423
In base 11, what is -451 + 3?
-449
In base 13, what is 12 - 7?
8
In base 4, what is 300000 - 11?
233323
In base 7, what is 2 - 61?
-56
In base 5, what is -3 + 1100?
1042
In base 15, what is b + -6?
5
In base 12, what is -3b - -15?
-26
In base 5, what is -104 - 10?
-114
In base 7, what is -211 + 42?
-136
In base 2, what is 11100 + 101100?
1001000
In base 7, what is -5 - 235?
-243
In base 16, what is -2 + 2c?
2a
In base 14, what is 411c - 0?
411c
In base 2, what is 111100 - 1111001?
-111101
In base 15, what is -1 - -63?
62
In base 2, what is 101 - -1010000?
1010101
In base 3, what is 12 - 12122?
-12110
In base 2, what is 10 + 10001000111?
10001001001
In base 9, what is 2033 - 1?
2032
In base 2, what is 101 + -1111001101?
-1111001000
In base 7, what is -5 + 1556?
1551
In base 7, what is -411 + -4?
-415
In base 15, what is 58 + 25?
7d
In base 4, what is 113 + -112?
1
In base 10, what is 0 - 576?
-576
In base 10, what is 0 + -5?
-5
In base 5, what is 22 + -432?
-410
In base 2, what is -10 + -101111110?
-110000000
In base 5, what is 3 + 101441?
101444
In base 7, what is -123 - -66?
-24
In base 7, what is -36104 - 5?
-36112
In base 11, what is 5 - 57?
-52
In base 13, what is 5b + 7?
65
In base 5, what is 420 + -210?
210
In base 14, what is 8a3 - 4?
89d
In base 11, what is -a1a + 4?
-a16
In base 6, what is 4504 - 12?
4452
In base 11, what is 335 - 1?
334
In base 9, what is -108 + -12?
-121
In base 12, what is -3a9 - 3?
-3b0
In base 15, what is 20 + -11?
e
In base 13, what is 5 - -11b?
123
In base 16, what is -5 - -43?
3e
In base 11, what is -7700 + -3?
-7703
In base 3, what is -11200 + -1?
-11201
In base 14, what is -4 + 1481?
147b
In base 7, what is 1564 + 1?
1565
In base 2, what is -101 + 1111100111?
1111100010
In base 13, what is -194 - -2?
-192
In base 15, what is 1 - -96?
97
In base 15, what is -29 + 1?
-28
In base 3, what is 2 - 111021?
-111012
In base 7, what is 1 - -3260?
3261
In base 4, what is -11 + 231?
220
In base 12, what is 23 - -5?
28
In base 6, what is 5 + 550?
555
In base 3, what is 2001 + 1?
2002
In base 6, what is -12 - -1335?
1323
In base 2, what is -101010111 - -10?
-101010101
In base 13, what is 33 - 9a?
-67
In base 2, what is 110101111 - -1110?
110111101
In base 2, what is -11 - -10000100?
10000001
In base 11, what is -273 + 7?
-267
In base 6, what is -2 - -25155?
25153
In base 11, what is 3 + 1aa?
202
In base 10, what is -11 + 1256?
1245
In base 9, what is -5 - 54?
-60
In base 14, what is -1 + 117?
116
In base 4, what is 2132 + -10?
2122
In base 12, what is -247 + 15?
-232
In base 4, what is 10 - -200?
210
In base 6, what is -535 + 3?
-532
In base 11, what is -53 + 12?
-41
In base 8, what is 2 - -3123?
3125
In base 2, what is -10 - 10011?
-10101
In base 10, what is -5 - 298?
-303
In base 16, what is -5 - -15e?
159
In base 4, what is 1 - -3031?
3032
In base 3, what is 102010 - -10022?
112102
In base 8, what is -10 + -132?
-142
In base 16, what is -26 + -7?
-2d
In base 2, what is 10 - -111000011?
111000101
In base 12, what is 3 - -197?
19a
In base 16, what is 4 + 1c?
20
In base 14, what is -14 - c?
-22
In base 12, what is 3 - -4b?
52
In base 6, what is -52 + -3?
-55
In base 11, what is 1652 + 4?
1656
In base 2, what is 1010111 - -1111110?
11010101
In base 14, what is -3 + -8c?
-91
In base 4, what is 11 - 2223?
-2212
In base 4, what is -11022 + -1?
-11023
In base 16, what is 9 - -c?
15
In base 10, what is -2 - -599?
597
In base 16, what is -4 - 16?
-1a
In base 2, what is -1011001111 + 1?
-1011001110
In base 8, what is -502 + 4?
-476
In base 14, what is -2c + -2?
-30
In base 3, what is -212 - -1012?
100
In base 8, what is 3 - 10673?
-10670
In base 9, what is -81 + -5?
-86
In base 16, what is 0 + -a7a?
-a7a
In base 12, what is -b5 + -5?
-ba
In base 6, what is 222 - 30?
152
In base 14, what is -3 - 210d?
-2112
In base 12, what is -5 + 177?
172
In base 9, what is 6200 + -2?
6187
In base 13, what is -59b + -6?
-5a4
In base 2, what is 10000 + -101?
1011
In base 5, what is 1 + 320?
321
In base 13, what is -69 - 18?
-84
In base 5, what is -3 - 33232?
-33240
In base 2, what is 101100 - 10001101?
-1100001
In base 2, what is -101001101 + -1?
-101001110
In base 9, what is 16 - 1?
15
In base 16, what is 7 + e?
15
In base 9, what is 800 - -2?
802
In base 16, what is -18 - a4?
-bc
In base 6, what is -4 + -31?
-35
In base 9, what is 4 + -24?
-20
In base 7, what is 125 - 20?
105
In base 16, what is 2 - 1a2?
-1a0
In base 2, what is -111000100111010 + 1?
-111000100111001
In base 11, what is 15 - -260?
275
In base 3, what is 10 - -122?
202
In base 9, what is -480 - -4?
-475
In base 6, what is -20 + -20?
-40
In base 15, what is 8 - 225?
-21c
In base 2, what is 100 + -1100000?
-1011100
In base 14, what is 352 - 6?
34a
In base 9, what is -10 + 46?
36
In base 2, what is -1 - 111010?
-111011
In base 10, what is 406 + -2?
404
In base 16, what is -3 + -f8?
-fb
In base 11, what is 2aa + -15?
295
In base 12, what is 3 - -10a?
111
In base 4, what is 11 + 1012?
1023
In base 12, what is 1a2 + 7?
1a9
In base 9, what is 186 + -18?
167
In base 8, what is 0 + 545?
545
In base 11, what is 713 + 2?
715
In base 10, what is 6 - -389?
395
In base 2, what is 10 + -10100000000?
-10011111110
In base 7, what is 3 + -36?
-33
In base 4, what is 112 + -311?
-133
In base 15, what is -c + 54?
47
In base 14, what is 3aa3 - 4?
3a9d
In base 6, what is -10543 - -13?
-10530
In base 4, what is 132033 + 20?
132113
In base 12, what is -36 - -25?
-11
In base 3, what is -1120 + 100001?
21111
In base 10, what is -3 + -406?
-409
In base 13, what is -4 + 18c?
188
In base 6, what is 4120 + -22?
4054
In base 4, what is -30 - -13?
-11
In base 11, what is 854 - 3?
851
In base 15, what is -15 + 9?
-b
In base 14, what is -18a + 0?
-18a
In base 13, what is -3 - 151?
-154
In base 6, what is 133 - -4?
141
In base 15, what is 2 + -5a?
-58
In base 15, what is -338 + -8?
-341
In base 4, what is 11230 + 3?
11233
In base 3, what is -101 + 100?
-1
In base 16, what is f + -5?
a
In base 4, what is 11 + -2123?
-2112
In base 11, what is 0 - -124?
124
In base 12, what is 1087 + 1?
1088
In base 5, what is -242 - 1?
-243
In base 7, what is -10 + 2205?
2165
In base 2, what is -111 - -1101111?
1101000
In base 4, what is -10330310 - -3?
-10330301
In base 13, what is 159 + -1b?
13b
In base 13, what is -13 + 1?
-12
In base 13, what is 4 - a4?
-a0
In base 2, what is 1 + 110001?
110010
In base 16, what is -12f - 5?
-134
In base 14, what is 2 + -119?
-117
In base 6, what is 333 + 4?
341
In base 5, what is -10 + -220?
-230
In base 15, what is 9c - 4?
98
In base 9, what is 514 - 8?
505
In base 14, what is -93 - -8?
-89
In base 8, what is -11 + 3?
-6
In base 16, what is -26e + -22?
-290
In base 11, what is 1 - -35a?
360
In base 8, what is 107767 - 2?
107765
In base 5, what is -24 - -241?
212
In base 2, what is 1010010011 + -11?
1010010000
In base 10, what is -31 + -1?
-32
In base 9, what is 286 + 33?
330
In base 11, what is -4 + a?
6
In base 14, what is -2 + 8c5?
8c3
In base 10, what is -9 - 36?
-45
In base 13, what is a38 + 5?
a40
In base 9, what is -1 - -47?
46
In base 7, what is 50 - 1556?
-1506
In base 15, what is -4 + -75a?
-75e
In base 10, what is 2 - -497?
499
In base 15, what is 3 + -73?
-70
In base 15, what is -54 + -47?
-9b
In base 8, what is 134 - -262?
416
In base 14, what is -2148 + -5?
-214d
In base 16, what is 77 + 3?
7a
In base 6, what is -5 - -220?
211
In base 12, what is -23a - -5?
-235
In base 5, what is -132 + 2?
-130
In base 3, what is -1202 + -102222?
-111201
In base 16, what is -c0 + -5?
-c5
In base 5, what is -10 - -124?
114
In base 5, what is -1 + -44?
-100
In base 16, what is 4df - -5?
4e4
In base 8, what is 14 + 1346?
1362
In base 8, what is -10 - -364?
354
In base 15, what is 43 + 4?
47
In base 7, what is 3105 - 3?
3102
In base 7, what is 2220 + 5?
2225
In base 5, what is 1040 - -3?
1043
In base 11, what is -1116 - 2?
-1118
In base 12, what is -14 + 48?
34
In base 9, what is 1 - 8?
-7
In base 3, what is 